late the remainder when r is divided by (121/(-33))/(2/(-6)).
9
Let d = -5 + 11. Let m be -9*(4/6 - 1). Suppose -u + 40 = m*u. What is the remainder when u is divided by d?
4
Let k(a) = 2*a**2 + 7*a + 7. What is the remainder when k(-5) is divided by 6?
4
Let v(j) be the first derivative of 8*j + 1/2*j**2 - 2. What is the remainder when v(-6) is divided by 2?
0
Suppose 3*l - 5 = -4*q + 14, -3*q - l = -13. What is the remainder when 9 is divided by q?
1
Let q(a) = -51*a**3 - a**2 + a. Let y be q(1). Let x = y - -96. Calculate the remainder when x is divided by 16.
13
Let u(w) = w**3 + 9*w**2 - 12*w - 9. Suppose 4*d - 10 = n, 5*n + 12 + 38 = 5*d. Calculate the remainder when 43 is divided by u(n).
10
Let g(x) = -x**3 - 12*x**2 + 9. What is the remainder when 33 is divided by g(-12)?
6
Suppose -s + 2*s - k - 20 = 0, 121 = 5*s + 2*k. What is the remainder when s is divided by (0 + -8)*(-12)/8?
11
Let a(o) = -2*o - 1. What is the remainder when 1/(-3) - (-120)/9 is divided by a(-4)?
6
Calculate the remainder when -8 - -88 - 1/1 is divided by 27.
25
Let q(a) = a**2 + 5*a - 9. What is the remainder when 58 is divided by q(-8)?
13
Let x(a) = 2*a**2 + 4*a + 2. Let i be x(-2). Calculate the remainder when (-1 + -2 + i)*-37 is divided by 13.
11
Let n be (-448)/(-40) + 2/(-10). Suppose 3*o - 4 = n. What is the remainder when 19 is divided by o?
4
Suppose 0 = -4*f - f + 65. Suppose 0 = -3*o + 202 - 52. Calculate the remainder when o is divided by f.
11
Suppose 2*w + 38 = -114. What is the remainder when w/6*(-9)/2 is divided by 15?
12
Let f be 3*(-2 - (-3)/9). What is the remainder when -2 - (-2 - (2 - f)) is divided by 4?
3
Suppose -3 = -4*n + 17. Suppose n*d - a - 57 = 34, 55 = 3*d - a. Calculate the remainder when 0 - -14*(-5)/(-2) is divided by d.
17
Let d(q) = 10*q + 5. Let p = -34 + 53. What is the remainder when d(5) is divided by p?
17
Suppose -4*x = -5*a - 4, 0 = -4*x + a - 5*a + 40. Suppose k + 4 = 6. Calculate the remainder when x is divided by k.
0
What is the remainder when (656/6)/4*(10 + -7) is divided by 12?
10
Let j = 7 - 8. Let v = 15 + j. What is the remainder when v is divided by 5?
4
Suppose 4*c = 2*j + 128, 4*c + j + 4*j = 128. Let i(m) = -m**2 + 17. What is the remainder when c is divided by i(0)?
15
Let l = -25 + 76. Let v = 1 + 12. Calculate the remainder when l is divided by v.
12
Let z = 27 - 11. Calculate the remainder when z is divided by 6.
4
Let h = -28 - -19. Let d = 39 + h. What is the remainder when d is divided by 11?
8
Calculate the remainder when 11 is divided by (-25)/(-5)*(-12)/(-10).
5
Suppose -6*w + 793 = -101. Calculate the remainder when w is divided by 38.
35
Let d be 4*(5/4 + -2). Suppose -4*x - 52 = -4. What is the remainder when 5 is divided by 1/d + (-40)/x?
2
Let o(g) = -5*g + 4. Let s be o(6). Let m = 73 + s. Calculate the remainder when m is divided by 12.
11
Let v(a) = 32*a**3 + a**2 - a. Let d be v(1). Suppose -d = l - 5*l. What is the remainder when 13 is divided by l?
5
Suppose 0 = m - g + 2, 2*m + 10 = -4*g - 0. Suppose 5*z - 40 = z. What is the remainder when (-84)/m - -1 - 0 is divided by z?
9
Let d(j) = -j**2 - 5*j - 3. Let a be d(-4). Suppose -x + 5*r = -a, r + 42 = 3*x - 3. What is the remainder when 30 is divided by x?
14
Suppose 4*y - 2*m - 148 = -6*m, 5*y = -3*m + 185. Suppose -t - t = -38. Calculate the remainder when y is divided by t.
18
Let a = 287 - 198. Let w(t) = 4*t**2 - 3*t - 22. Calculate the remainder when a is divided by w(-3).
20
Suppose r = -3*c + 89, r - c = -2*r + 297. Let t = 139 - r. Calculate the remainder when -1 + t + 2 + 1 is divided by 22.
21
Suppose 3*w - 136 = -w. Let j = -22 + w. Calculate the remainder when 46 is divided by j.
10
What is the remainder when 21 is divided by 4/(-7) - (-648)/56?
10
Suppose 0 = 2*w - 7 - 13. Let z = -1 + -70. Let a = -42 - z. Calculate the remainder when a is divided by w.
9
Suppose -2*a + 2 = -4. Let u(w) = w + a - 2 + 1. What is the remainder when u(8) is divided by 4?
2
Let q = -21 + 25. Calculate the remainder when q is divided by 1.
0
Suppose 4*o = -26 + 106. What is the remainder when o is divided by 11?
9
Let u = -1 - -1. Let f(k) be the first derivative of -k**3/3 - k**2/2 + k - 3. What is the remainder when f(u) is divided by 1?
0
Let z(j) = -j**3 - 12*j**2 - 7*j + 8. Let f be z(-7). Let v = f + 110. Calculate the remainder when 50 is divided by (v/(-24))/(1/4).
11
Suppose -x - 4*y + 69 = 0, x + 5*y - 39 - 35 = 0. Calculate the remainder when x is divided by 10.
9
Suppose -26 = -2*j + 8. Suppose 7*b + 3*l = 3*b - 15, -10 = -3*b + 2*l. Suppose -5*u + u + 196 = b. Calculate the remainder when u is divided by j.
15
Suppose 3*w = -3, 0 = -3*z - 0*z + 4*w + 238. What is the remainder when z is divided by 20?
18
Let t be (2 - 2)/((-2)/(-2)). Suppose t = -0*q + 3*q - 9. Let c = 31 + q. Calculate the remainder when c is divided by 12.
10
Let x = -1 - -11. Suppose 0 = -2*t + 2*h + 36, -t + 5*t + 5*h - 99 = 0. Suppose t = p + 2. Calculate the remainder when p is divided by x.
9
Suppose -t = -5*j + 2*t + 101, 3 = t. Suppose -w - 2*f + 8 = 0, -3*f = -4*w - f + 32. Calculate the remainder when j is divided by w.
6
Suppose 0 = -0*w + w - 25. Suppose -45 = 4*m - 7*u + 6*u, 5*m + 59 = 4*u. Let v = w + m. Calculate the remainder when v is divided by 8.
6
Let k(y) = -8*y - 35. What is the remainder when k(-10) is divided by 8?
5
Let v be 1/((2/5)/(-2)). Let k(p) = -2*p - 7. Let x be k(v). Suppose 4*t + 40 = 3*b, 4*b - x*t = 2*b + 27. What is the remainder when 35 is divided by b?
11
Suppose 2*w = -2*w + 16. Suppose -2*y + 5*y - 51 = w*q, 0 = 3*y + 4*q - 27. What is the remainder when -2 + 27 - (0 - 0) is divided by y?
12
Let r(z) = -z**3 + 9*z**2 + 4*z - 10. What is the remainder when r(9) is divided by 14?
12
Suppose -2*j = 2*j - 12. Suppose -h + 2*r = -3, -4*h + 9*h - 33 = r. What is the remainder when h is divided by j?
1
Suppose -3*w = 2*w - 165. Let n = 14 - 6. What is the remainder when (w/1)/((-6)/(-4)) is divided by n?
6
Let x = 1 + 10. Let n = -39 + 81. Calculate the remainder when n is divided by x.
9
Let g(j) = -j + 2. Let b be g(2). Let f(o) be the first derivative of o**4/4 - o**3/3 - o**2/2 + 12*o + 3. What is the remainder when 35 is divided by f(b)?
11
Let z(b) = b**2 + 5*b - 2. Let n be z(-6). Suppose n*h + 2*c - 40 + 2 = 0, 5*h - 31 = 3*c. Calculate the remainder when -4*((-138)/h)/3 is divided by 8.
7
Let k = 48 - 26. Suppose -2*b = -3*b + k. What is the remainder when 41 is divided by b?
19
Let b = -21 + 51. Suppose -2*z - 3*c + 47 = 0, -4*z = -2*z + 4*c - 52. What is the remainder when b is divided by z?
14
Let k(u) = -13*u**2 + 8*u + 7. Let g(x) = 14*x**2 - 9*x - 8. Let s(i) = -6*g(i) - 7*k(i). Calculate the remainder when s(-1) is divided by 5.
3
Suppose -2*y + 0*y + 12 = 0. Suppose -y*k = -3*k - 33. Let b = -31 + 62. What is the remainder when b is divided by k?
9
Suppose 4*b - 2*y = -6*y + 164, -4*b = 2*y - 166. Suppose z - 2*z + 4*w + 11 = 0, -22 = -2*z + 4*w. What is the remainder when b is divided by z?
9
Suppose 0 = -4*v + 3*w + 22, -3*v + 4 = 3*w - 2. What is the remainder when 281/9 - v/18 is divided by 11?
9
Suppose -11*k + j + 33 = -7*k, -4*j = 5*k - 57. Calculate the remainder when 79 is divided by k.
7
Suppose -10*y + 6*y = -180. Suppose 3*p + y = 2*f, 0 = -5*f - 5*p + 38 + 12. What is the remainder when 43 is divided by f?
13
Let h = 50 - 35. Suppose 2*t + w = h, -w + 3 + 2 = 0. Suppose 0 = -3*g + t + 1. Calculate the remainder when 7 is divided by g.
1
Let q = -4 + 8. Suppose -3*t + 41 = q*n, t = 2*t - 3*n - 18. Calculate the remainder when (-4)/18 - (-1030)/18 is divided by t.
12
Suppose 5*u + 52 = 12. Let j(d) = -d**3 - 7*d**2 + 2*d - 7. Calculate the remainder when j(u) is divided by 11.
8
Let c be -1 - (8/(-2) + 2). Let g = c + 38. What is the remainder when g is divided by 14?
11
Let l = 13 - 8. Calculate the remainder when 15 is divided by l.
0
Let v = 43 - 29. Suppose -28 = -2*j + 52. Suppose j = -3*n + 4*n. Calculate the remainder when n is divided by v.
12
Let x(j) = -58*j**3 + j**2 - j - 2. Suppose -h = -9 - 6. Calculate the remainder when x(-1) is divided by h.
13
Calculate the remainder when ((-160)/24)/((-2)/3) is divided by 2.
0
Let g(f) = -5*f + 1. Let b(q) = -5*q. Let o(z) = 4*b(z) - 5*g(z